 by 15?
14
Let r(b) = 21*b**2 - 7*b + 1. Suppose 0 = 4*w - 5*d - 65, 2*w + 5*d - 5 = 2*d. Let c = w + 19. Calculate the remainder when c is divided by r(1).
14
Let x = -3997 + 4398. What is the remainder when 1615 is divided by x?
11
Suppose 24*s - 54 = 27*s. Let f be (s/(-27))/(2/(-36)). Let t = f - -39. What is the remainder when 53 is divided by t?
26
Let a be (-2)/(-5) + 28/5. Suppose -s - 3 = -a. Suppose -6*q = s*q - 90. What is the remainder when 33 is divided by q?
3
Suppose 3*l + 5*d = 8*d + 105, -2*d - 109 = -3*l. Suppose -3*p - 49 = -4*r, 3*r + 0*p - l = 3*p. Calculate the remainder when 247 is divided by r.
7
Let v(m) = 233*m + 2424. What is the remainder when 568 is divided by v(-10)?
4
Let o(z) = -309*z - 3768. What is the remainder when o(-13) is divided by 23?
19
Let a = -13718 + 14704. What is the remainder when a is divided by 62?
56
Let b(g) = 62 + g - 122 + 104 + g. Suppose 156 = 3*u - 3*k, 0 = u + 2*k - k - 48. Calculate the remainder when b(27) is divided by u.
48
Suppose -248*o = 3475 - 12155. Calculate the remainder when o is divided by ((-2)/2)/((-4)/48).
11
Let m(u) be the second derivative of 5*u**3/3 + u**2/2 - 2*u. Let c(j) = -j**3 + 63*j**2 + 196*j + 151. What is the remainder when c(66) is divided by m(1)?
8
Let p be (15 + -11)*(-2)/4. Calculate the remainder when (396/(-55))/(p/5) is divided by 3.
0
Let z = 1791 - -388. What is the remainder when z is divided by 168?
163
Let g = -5 - -1. What is the remainder when 94 - g*(-25)/20 is divided by 7?
5
Suppose -3*y + 5*c + 36 = -47, 0 = -5*y - 2*c + 97. Suppose 2*a = 5*g - 2406, 0*a - 2*a = -2*g + 960. What is the remainder when g is divided by y?
20
Let h be -3 - (-11 - (0 + -1)). Suppose 3*j + 12 = h*j. Suppose 0 = -j*u + 43 - 4. What is the remainder when 25 is divided by u?
12
Suppose 4*q = 221 - 45. Let u = q + -61. Let x = u - -52. What is the remainder when x is divided by 22?
13
Let x(k) = 2*k**2 + 35*k - 218. What is the remainder when x(-35) is divided by 126?
125
Let f be (-17)/(-4)*(63 + -71). Let n = 24 - f. Calculate the remainder when 752 is divided by n.
56
Let a = 22 + -14. Suppose -240 = -3*h - 2*h. Let n = h - 34. What is the remainder when n is divided by a?
6
Suppose -4*a + 2*u + 14982 = 0, 66*a - 64*a = -2*u + 7476. Calculate the remainder when a is divided by 52.
51
Let y = -128 - -240. Suppose -13*h + 954 = -y. Calculate the remainder when h is divided by (-4)/36*-6*42.
26
Let u(q) = -25*q - 6. Let g be u(2). Let c be (1/(-1))/(4/148). Let j = c - g. Calculate the remainder when 131 is divided by j.
17
Let k(c) = -c**3 - 2*c**2 - c + 1. Let n(w) = w**2 + 7*w + 2. Let j be n(-6). What is the remainder when (-2924)/(-20) - (-9)/(-45) is divided by k(j)?
35
Let o(b) = 4251*b + 17011. Let x = 10 + -5. Suppose x*z - p = 129, 3*p = 2*p - 4. Calculate the remainder when z is divided by o(-4).
4
Let z(f) = -30*f + 10. Let n be z(-8). Let d = n + -155. What is the remainder when d is divided by ((-12)/14)/(21468/1344 + -16)?
31
Suppose -3*o + 105*g + 730 = 106*g, 2*o + 5*g - 465 = 0. What is the remainder when 662 is divided by o?
172
Suppose 4 = 4*k - 4. Let d = 216 + -202. Suppose 8*z = d + 2. What is the remainder when k is divided by z?
0
Let x(v) = 2*v**3 + 8*v**2 - 22*v + 64. What is the remainder when x(-5) is divided by 2 + -4 + 9*3?
24
Let u(a) = a**3 - 7*a**2 + 7*a + 18. Suppose 5*c - b - 31 = 0, 5*b = 4*c + b - 12. What is the remainder when u(c) is divided by 8?
3
Suppose -382 = 14*c - 3916 - 3340. What is the remainder when c is divided by 18?
5
Let d(h) be the second derivative of -h**3/6 + 65*h**2/2 - 23*h. Let t be d(0). Suppose 46*a - 51*a + t = 0. Calculate the remainder when a is divided by 8.
5
Let s(n) = 4*n - 3. Calculate the remainder when 5 + 596/16 - 6/24 is divided by s(8).
13
Let d be (-3)/5 - (891/(-15))/9. Let x(a) = -2*a + 34. Calculate the remainder when 218 is divided by x(d).
20
Suppose -8*n - 24*n - 279 = -35*n. Let i = -6 + 39. Calculate the remainder when n is divided by i.
27
Let t(d) = -12*d + 31. Let w(m) = m. Let c(l) = -2*t(l) + 2*w(l). Calculate the remainder when c(4) is divided by 2.
0
Suppose 0 = -2*f + 3*n + 72, 0 = 5*f - 5*n - 204 + 19. Calculate the remainder when 3161 is divided by f.
2
Let v = -6680 + 6697. Calculate the remainder when v is divided by 8.
1
Let n = 254 + -252. Suppose -w = n*y - 223, 5*y + 5*w + 138 = 698. What is the remainder when y is divided by 8?
7
Suppose 4*a + 135 = -5*m, -2*m - 2*a = 32 + 24. Let z = m + 47. What is the remainder when z is divided by 8?
0
Let w be ((-12)/90*-3)/((-1)/(-5)). Suppose 2*k - 10 = -3*v, -2*k = v + w - 0. What is the remainder when ((-4)/(-2) - v - 37)*-3 is divided by 18?
15
Suppose -4*z - 208 = -2*h, -2*z = -h + 3*h - 214. What is the remainder when h is divided by 10?
6
Let h(b) = -2*b + 12. Let f(t) = -4*t**3 + 2*t + 2. Let m be f(2). Calculate the remainder when (871/m)/((-2)/8) is divided by h(-11).
32
Suppose -10*x - 300 = -14*x. Calculate the remainder when 367 is divided by x.
67
Let b = -8 - -42. What is the remainder when 2421*(145/9 - 16) is divided by b?
31
Let o(l) = 4*l**2 + 2*l - 6. Let s be o(-3). Suppose s = 2*p - 8. Suppose 6 = -3*u, 2*z - 4*u + 8 - 138 = 0. Calculate the remainder when z is divided by p.
13
Suppose -2*w + 201 = 83. Let k = -92 - -136. What is the remainder when w is divided by k?
15
Let w(d) = 42*d**2 + 2*d + 1. Suppose 19599 = -373*s + 514*s. Calculate the remainder when s is divided by w(-1).
16
What is the remainder when 1603 is divided by 42616/80 + 9/30?
4
Suppose 13*n = -n - 25 + 249. What is the remainder when 740 is divided by n?
4
Suppose -646 = -9*k - n, 5*n = -10*k + 5*k + 350. Calculate the remainder when 1457 is divided by k.
17
Let s(h) = -h**2 - 145*h + 455. What is the remainder when 7631 is divided by s(3)?
8
Let w(i) = -91*i**2 - 2369*i - 18. Calculate the remainder when (-459)/(-2) - (-3)/(-6) is divided by w(-26).
49
Suppose c - 59 = -c + 3*i, 5*c - 5*i = 135. Suppose c = -q + 57. Let r = 434 + -299. What is the remainder when r is divided by q?
30
Let b = -69 - -53. Let r be (-4)/(b/3) + (-3)/(-12). Calculate the remainder when (-1 - -2)*(r + 32) is divided by 21.
12
Let y = 10393 + -9447. Calculate the remainder when y is divided by 12.
10
Suppose 1 = 3*p - 14, -z = -p - 8. Let j(b) = b**2 - 13*b + 12. Let q be j(8). Let h = q + 78. Calculate the remainder when h is divided by z.
11
Let k(l) = -6*l - 63. Let h be k(-6). What is the remainder when -69*(117/h + -2 + 6) is divided by 12?
11
Let x = -1398 - -2305. Calculate the remainder when x is divided by 113.
3
Calculate the remainder when ((-3962)/21)/(-4*(-6)/(-144)) is divided by 76.
68
Suppose 5*i + 3*r - 85 = 0, 5*r = -2*i + 53 - 0. Suppose 0 = i*o - 16*o + 352. What is the remainder when o is divided by 3?
2
Let w be (-1140)/2*2*7/(-28). Let j = -158 + w. Calculate the remainder when j is divided by 44.
39
Let c(p) = -4*p**3 - p**2 + 3*p + 19. What is the remainder when c(-3) is divided by 4?
1
Let j(d) = -7*d - 118. Let w be j(-36). Let m = w - 102. What is the remainder when 191 is divided by m?
31
Let b(i) = 2*i**3 + 83*i**2 + 324*i + 79. What is the remainder when b(-35) is divided by 13?
10
Let v(i) = -i**2 - 21*i + 124. What is the remainder when v(-18) is divided by 680/15 + (-4)/(-6)?
40
Let h be (1 + (-22)/6)/((-24)/3384). Suppose 11*m - 108 = h. What is the remainder when m is divided by 12?
8
Suppose -14 + 5 = -3*v, 4*t = -4*v - 656. Let m = t + 180. Calculate the remainder when 36 is divided by m.
10
Let q(g) = -2*g + 4. Let v be q(-4). Suppose 6*w - v = 2*w. Suppose -w*a + 696 = a. What is the remainder when a is divided by 44?
42
Suppose 0*w - 3*x = -2*w - 1748, -w - 3*x = 856. What is the remainder when ((-24)/28)/(8/w) is divided by 12?
9
Let t = -298 + 308. Suppose 87*f - 77*f - t = 0. What is the remainder when 1 is divided by f?
0
Suppose -1156*d = -2675*d + 1018*d + 1056*d - 60495. Let q(n) = -23*n**3 - 2*n - 1. Calculate the remainder when d is divided by q(-1).
13
Let m(h) = 3*h**2 - 24*h + 99. Let o = 220 - 188. Calculate the remainder when m(6) is divided by o.
31
Calculate the remainder when 6 + -12 + (-1178)/(-217) - 12650/(-14) is divided by 12.
3
Suppose -2*b + 5*b = -18. Let x be (-8)/((b - -10) + -7 + 1)